*g - 16. Calculate q(0).
-16
Let m(t) = -22*t + 9. Calculate m(9).
-189
Let u(j) = -4*j**2 + 165*j - 44. Calculate u(41).
-3
Let b(o) = 9*o - 9. Determine b(-5).
-54
Let g(d) = -d**3 - 7*d**2 + 10*d - 7. Give g(-8).
-23
Let h(j) = 148*j**2 + 2*j - 3. Give h(1).
147
Let j(n) = -6*n + 57. Determine j(10).
-3
Let c(b) = -3*b**3 - b**2 - b + 17. Give c(0).
17
Let y(a) = 3*a**2 - 81*a + 333. Give y(22).
3
Let c(q) = q**3 - 6*q**2 - 9*q - 10. What is c(8)?
46
Let c(p) = p**3 + 21*p**2 + 20*p - 14. Determine c(-20).
-14
Let k(g) = 8*g**3 + 7*g**2 + 9*g + 2. Calculate k(-1).
-8
Let u(t) = -t**3 + 3*t**2 + 12*t + 6. What is u(6)?
-30
Let z(k) = -12*k + 75. Calculate z(7).
-9
Let z(j) = -j**3 - 9*j**2 + 4*j + 13. Determine z(-9).
-23
Let z(i) = -4*i - 14. Give z(-5).
6
Let w(f) = -4*f - 5. Determine w(-4).
11
Let r(f) = f**2 + 14*f + 11. What is r(-15)?
26
Let x(m) = 4*m - 23. Give x(5).
-3
Let f(p) = -p**2 - 3*p + 21. Calculate f(-6).
3
Let m(u) = -44*u + 272. Calculate m(6).
8
Let u(i) = 9*i - 7. Give u(1).
2
Let h(r) = 3*r - 24. Give h(6).
-6
Let k(n) = -n**3 - n**2 + n + 12. Determine k(0).
12
Let n(g) = -4*g - 10. Give n(-4).
6
Let q(k) = k**2 + 22*k + 35. Calculate q(-20).
-5
Let h(b) = -55*b - 115. Calculate h(-2).
-5
Let u(y) = -10*y + 2. Give u(-2).
22
Let q(x) = x**3 + 18*x**2 - 18*x + 8. Calculate q(-19).
-11
Let s(c) = -c**3 + 9*c**2 - 8*c - 1. What is s(7)?
41
Let d(t) = 2*t**2 + t - 2. Determine d(5).
53
Let m(y) = 4*y**2 + y. What is m(-1)?
3
Let t(k) = -k - 16. Calculate t(14).
-30
Let k(b) = b**2 + 11*b + 4. Calculate k(-9).
-14
Let r(f) = 6*f**2 + f - 2. Give r(-2).
20
Let n(k) = -4*k**3 + k**2 + 2. Give n(2).
-26
Let q(j) = -j**3 + 5*j**2 + 7*j. Determine q(6).
6
Let j(l) = 3*l - 6. What is j(7)?
15
Let m(b) = b**2 + 12*b - 9. What is m(-14)?
19
Let r(a) = -a**3 + 29*a**2 - 29*a + 20. What is r(28)?
-8
Let d(i) = 2*i**2 + 21*i - 35. What is d(-12)?
1
Let k(g) = g**2 + 2*g - 22. Give k(-5).
-7
Let w(s) = -3*s + 53. What is w(17)?
2
Let u(n) = n**2 - 4*n - 15. Calculate u(6).
-3
Let n(b) = 13*b + 3. Determine n(-2).
-23
Let k(n) = -5*n**2 - 151*n - 20. Calculate k(-30).
10
Let d(g) = -180*g**3 + g**2 - g - 1. Calculate d(-1).
181
Let l(n) = -n**3 - 7*n**2 + 11*n + 23. Calculate l(-8).
-1
Let g(s) = s**3 + 4*s**2 - s - 6. What is g(-4)?
-2
Let q(x) = 81*x - 411. Determine q(5).
-6
Let l(w) = w**3 - 4*w**2 - 11*w + 10. Give l(5).
-20
Let z(p) = 2*p**3 - 4*p. Determine z(-2).
-8
Let b(o) = o**3 - 7*o**2 - 2*o + 26. Calculate b(7).
12
Let t(l) = l**2 + 21*l + 77. Determine t(-16).
-3
Let o(v) = v**2 + 8*v - 2. Calculate o(-8).
-2
Let b(d) = -d**2 - 10*d - 11. Calculate b(-10).
-11
Let v(s) = 75*s - 822. What is v(11)?
3
Let u(g) = -2*g. Calculate u(-6).
12
Let y(d) = -d**3 - 5*d**2 - 3*d. Determine y(-4).
-4
Let k(f) = -12*f - 3. Determine k(-2).
21
Let y(m) = m**3 + 3*m**2 - 2. Calculate y(-3).
-2
Let g(u) = -3*u**3 - u**2 - 3*u + 5. Give g(2).
-29
Let m(r) = r**2 - 6*r - 26. What is m(9)?
1
Let b(n) = -10*n - 83. What is b(0)?
-83
Let c(b) = b**2 + 15*b + 10. Determine c(-15).
10
Let r(y) = 2*y**3 + 13*y**2 + 5*y - 19. Calculate r(-6).
-13
Let b(u) = -31*u + 31. Give b(2).
-31
Let v(y) = -y - 3. Determine v(8).
-11
Let v(p) = 66*p - 789. Calculate v(12).
3
Let k(c) = -7*c + 19. What is k(3)?
-2
Let y(w) = w**2 + 8*w - 13. Calculate y(-8).
-13
Let m(w) = w**2 + 17*w - 22. Calculate m(-18).
-4
Let c(d) = -d**3 - 8*d**2 - 10*d - 1. Calculate c(-7).
20
Let t(p) = p**2 - p + 7. Determine t(5).
27
Let f(q) = -q**3 - 5*q**2 - 4. What is f(-6)?
32
Let n(l) = 2*l - 77. Calculate n(38).
-1
Let r(l) = l**2 - 10*l - 13. What is r(10)?
-13
Let l(v) = -v**3 - 7*v**2 - v + 2. Give l(-7).
9
Let z(c) = c**3 - 11*c**2 + 4*c - 19. Determine z(11).
25
Let y(w) = w**3 + 6*w**2 - 134*w - 11. Determine y(9).
-2
Let f(j) = -12*j**2 + 2*j - 2. What is f(2)?
-46
Let m(g) = g**3 + 6*g**2 - 9*g - 45. Determine m(-6).
9
Let d(s) = -20*s - 158. Determine d(-7).
-18
Let g(c) = -21*c**2 - 2. Give g(-1).
-23
Let r(d) = -12*d + 4. Calculate r(-1).
16
Let l(r) = -11*r + 19. Calculate l(2).
-3
Let h(a) = 7*a + 49. Determine h(-8).
-7
Let x(n) = -n + 6. Determine x(7).
-1
Let t(n) = n - 25. Give t(11).
-14
Let i(z) = -5*z + 37. Determine i(4).
17
Let j(d) = 3*d - 16. Give j(5).
-1
Let u(m) = 4*m**2 + 101*m + 20. Calculate u(-25).
-5
Let n(s) = s**3 - 8*s**2 + 3*s + 7. Give n(6).
-47
Let y(x) = 2*x**3 + 75*x**2 + 109*x + 43. Give y(-36).
7
Let j(k) = k**2 + 5*k. Determine j(-9).
36
Let l(t) = -t**3 - 13*t**2 + 12*t - 30. Determine l(-14).
-2
Let n(r) = -10*r + 1. Determine n(1).
-9
Let u(x) = -x**3 - x**2 + 4*x + 3. What is u(-2)?
-1
Let m(g) = -g**2 + 5*g - 1. Calculate m(5).
-1
Let s(v) = v**2 - 21*v - 128. Calculate s(26).
2
Let s(j) = 3*j + 6. Calculate s(0).
6
Let d(t) = t**2 - 11*t + 13. What is d(3)?
-11
Let x(g) = 3*g**2 - 15*g + 5. Calculate x(4).
-7
Let m(p) = p**2 + 3*p - 2. What is m(-7)?
26
Let h(y) = 7*y + 2. Calculate h(10).
72
Let y(w) = 16*w + 20. Give y(1).
36
Let v(b) = b**2 + 4*b - 5. Calculate v(-4).
-5
Let h(i) = -2*i**2 + 12*i - 8. Calculate h(5).
2
Let k(m) = 2*m**2 - 6*m + 2. What is k(4)?
10
Let j(r) = -35*r + 29. Calculate j(1).
-6
Let m(u) = -u**3 + 10*u**2 + 6*u - 2. What is m(10)?
58
Let f(h) = 53*h - 1327. Calculate f(25).
-2
Let w(m) = -5*m**3 + m**2 - 52*m + 52. Determine w(1).
-4
Let z(v) = -v + 19. Give z(18).
1
Let t(f) = -f**2 - 7*f - 17. Calculate t(-7).
-17
Let j(z) = z**2 + 5*z + 2. Calculate j(-3).
-4
Let a(j) = -2*j**2 + 3*j - 1. What is a(-3)?
-28
Let k(r) = -5*r**2 - 12*r + 27. Determine k(-4).
-5
Let y(o) = -o**3 + o**2 + 28*o - 1. Give y(6).
-13
Let v(t) = 2*t**2 - 2*t - 4. What is v(3)?
8
Let s(m) = m**3 + 5*m**2 + 4*m - 5. Determine s(-2).
-1
Let t(j) = j**3 - 3*j**2 - j + 3. Give t(3).
0
Let r(y) = -7*y - 335. What is r(-50)?
15
Let n(a) = -2*a**3 + 5*a**2 - 6*a + 3. What is n(2)?
-5
Let m(p) = p**3 - 12*p**2 + 16*p - 23. Calculate m(11).
32
Let s(x) = 2*x**3 - 7*x**2 - 16*x + 49. Determine s(3).
-8
Let w(f) = 2*f - 22. Give w(13).
4
Let u(j) = -3*j**2 - 25*j + 40. What is u(-9)?
22
Let m(o) = o**2 - 7*o - 4. Determine m(9).
14
Let u(x) = -x**3 + 3*x**2 - 3*x + 8. Give u(4).
-20
Let b(h) = -h**2 - 8*h - 13. Determine b(-5).
2
Let b(s) = s**2 - 46*s + 376. Calculate b(10).
16
Let r(i) = -i**3 - 22*i**2 - 55*i + 26. What is r(-19)?
-12
Let y(v) = v**2 + 53. Give y(0).
53
Let t(f) = f**3 + 9*f**2 + 8*f - 5. What is t(-8)?
-5
Let w(x) = -6*x + 4. Determine w(-6).
40
Let l(c) = -c**2 - 6*c - 7. Determine l(-11).
-62
Let r(v) = -v**3 + 6*v**2 - 11*v + 30. Give r(5).
0
Let n(c) = 21*c - 460. What is n(22)?
2
Let x(a) = a**2 - 4*a + 9. Determine x(0).
9
Let z(k) = 8*k**2 + 5*k. Calculate z(-1).
3
Let v(h) = -10*h - 34. What is v(-4)?
6
Let x(w) = -w**2 + 10*w - 6. Give x(10).
-6
Let k(j) = 12*j - 9. What is k(-4)?
-57
Let j(k) = -5*k - 2. Calculate j(-7).
33
Let b(o) = o**3 + 20*o**2 + 17*o - 37. What is b(-19)?
1
Let x(y) = -3*y**2 - 9*y + 3. Calculate x(-4).
-9
Let l(o) = o**2 - 4*o + 10. What is l(8)?
42
Let f(k) = -k**2 - 16*k - 16. Calculate f(-20).
-96
Let c(x) = x**3 + x**2 + 31. Give c(0).
31
Let l(v) = 16*v + 53. Calculate l(-4).
-11
Let n(u) = u**2 + 10*u - 6. Give n(-12).
18
Let x(v) = -v**2 + 6*v + 16. Calculate x(7).
9
Let t(r) = r**2 - 8*r + 16. Give t(7).
9
Let d(k) = k**2 - 18*k - 6. What is d(18)?
-6
Let z(d) = -d + 13. What is z(6)?
7
Let s(j) = j**3 - 29*j**2 + 29*j - 34. Give s(28).
-6
Let o(a) = -a**2 + 5*a + 8. What is o(7)?
-6
Let d(r) = r + 8. Calculate d(-3).
5
Let x(g) = -g**3 - 5*g**2 - 5*g - 12. Determine x(-6).
54
Let g(d) = -2*d**3 - 5*d**2 - 3*d. Calculate g(-4).
60
Let x(t) = 43*t + 169. Give x(-4).
-3
Let f(h) = -h**3 - 15*h**2 - 14*h + 6. What is f(-14)?
6
Let z(v) = 12*v**2 - 83*v - 10. Determine z(7).
-3
Let t(r) = -r**2 - 8*r + 3. Determine t(-10).
-17
Let v(t) = 3*t**2 + 36*t + 101. Give v(-6).
-7
Let i(n) = -n**3 + 12*n**2 - 9*n - 13. Give i(11).
9
Let t(z) = z**3 + 2*z**2 - 6*z - 12. What is t(-5)?
-57
Let b(r) = -r + 7. Calculate b(9).
-2
Let b(q) = -3*q**2 - 8*q + 11. What is b(2)?
-17
Let t(o) = o**3 + 6*o**2 + 5*o - 5. What is t(-6)?
-35
Let o(p) = 3*p + 42. What is o(-10)?
12
Let j(c) = -c**3 + 15*c**2 - 25*c - 31. Calculate j(13).
-18
Let v(n) = 6*n - 163. Give v(29).
11
Let d(l) = -l 